rue
Is 363 a factor of 1334388?
True
Does 1082 divide 16177599?
False
Is 15645136 a multiple of 26?
True
Does 24 divide 893742?
False
Is 486121 a multiple of 3?
False
Is 57967 a multiple of 343?
True
Is 17465 a multiple of 7?
True
Is 53 a factor of 47950?
False
Is 297600 a multiple of 240?
True
Is 65 a factor of 720200?
True
Is 12 a factor of 8067118?
False
Is 42 a factor of 2166865?
False
Is 224844 a multiple of 123?
True
Is 4709934 a multiple of 18?
True
Is 567 a factor of 370532?
False
Does 430 divide 6425060?
True
Is 132 a factor of 923716?
False
Is 5 a factor of 69460?
True
Is 41 a factor of 474225?
False
Does 189 divide 8037289?
False
Does 306 divide 2200063?
False
Is 71071 a multiple of 12?
False
Is 69841 a multiple of 2?
False
Is 6506864 a multiple of 287?
True
Is 55197 a multiple of 66?
False
Does 11 divide 42482?
True
Does 76 divide 262217?
False
Is 154972 a multiple of 22?
False
Does 15 divide 1548142?
False
Is 13 a factor of 108264?
True
Is 46 a factor of 269468?
True
Is 38 a factor of 5099842?
False
Does 192 divide 178368?
True
Does 1180 divide 8316307?
False
Does 32 divide 399712?
True
Does 92 divide 793478?
False
Does 12 divide 562654?
False
Is 2267421 a multiple of 296?
False
Is 50 a factor of 195274?
False
Does 21 divide 93891?
True
Is 71489 a multiple of 2?
False
Is 8234606 a multiple of 45?
False
Is 7 a factor of 57664?
False
Is 551027 a multiple of 143?
False
Does 4 divide 3628061?
False
Is 26597 a multiple of 3?
False
Is 81 a factor of 13892472?
True
Is 7613790 a multiple of 51?
True
Is 14 a factor of 4354?
True
Does 29 divide 1485954?
False
Does 47 divide 169285?
False
Does 489 divide 74817?
True
Is 475398 a multiple of 9?
True
Does 178 divide 1098794?
True
Is 1791605 a multiple of 95?
True
Is 241 a factor of 1089320?
True
Does 4 divide 33450?
False
Is 284 a factor of 286137?
False
Is 18 a factor of 7054218?
True
Does 577 divide 1672146?
True
Does 746 divide 373746?
True
Is 163 a factor of 940066?
False
Is 19 a factor of 421781?
True
Is 107 a factor of 59475?
False
Does 16 divide 1734000?
True
Is 43174 a multiple of 3?
False
Is 15 a factor of 212280?
True
Does 51 divide 153247?
False
Is 574 a factor of 879102?
False
Is 792850 a multiple of 314?
True
Is 16479600 a multiple of 12?
True
Is 24 a factor of 3308369?
False
Does 70 divide 19250?
True
Is 467 a factor of 91065?
True
Does 546 divide 1622712?
True
Is 48 a factor of 363648?
True
Is 218561 a multiple of 85?
False
Does 222 divide 6771000?
True
Does 142 divide 1969129?
False
Does 12 divide 18748464?
True
Is 87 a factor of 214815?
False
Is 3791215 a multiple of 121?
False
Is 3195354 a multiple of 51?
True
Does 30 divide 69787?
False
Is 2 a factor of 414?
True
Is 1820825 a multiple of 11?
False
Does 338 divide 121871?
False
Does 19 divide 5807046?
True
Is 21 a factor of 72639?
True
Is 92 a factor of 119760?
False
Is 9 a factor of 2987658?
True
Is 362 a factor of 2253?
False
Is 5088 a multiple of 3?
True
Is 101 a factor of 4614286?
True
Is 12 a factor of 14351?
False
Is 34 a factor of 42083?
False
Is 1269 a factor of 9254121?
False
Is 221699 a multiple of 76?
False
Is 202924 a multiple of 523?
True
Is 138 a factor of 864468?
False
Is 1496602 a multiple of 34?
False
Is 184 a factor of 15456?
True
Does 495 divide 7425495?
True
Does 71 divide 873300?
True
Is 237 a factor of 9376794?
False
Is 280032 a multiple of 32?
True
Does 111 divide 79809?
True
Does 48 divide 532320?
True
Is 76 a factor of 1403340?
True
Is 560028 a multiple of 177?
True
Does 1622 divide 2059940?
True
Is 57274 a multiple of 12?
False
Does 126 divide 2343503?
False
Is 1693678 a multiple of 17?
False
Is 97 a factor of 373644?
True
Is 24 a factor of 202560?
True
Is 31694 a multiple of 53?
True
Is 263 a factor of 437106?
True
Does 29 divide 116079?
False
Is 24397 a multiple of 274?
False
Is 72148 a multiple of 34?
True
Is 3551376 a multiple of 45?
False
Is 894 a factor of 9879921?
False
Is 83172 a multiple of 87?
True
Is 315524 a multiple of 324?
False
Does 22 divide 494208?
True
Is 380233 a multiple of 7?
True
Is 2175600 a multiple of 200?
True
Does 3 divide 594765?
True
Is 1006725 a multiple of 155?
True
Is 503 a factor of 2332664?
False
Does 1102 divide 2436428?
False
Does 39 divide 679841?
False
Is 434 a factor of 2446024?
True
Is 9 a factor of 2843487?
True
Is 287076 a multiple of 141?
True
Does 42 divide 383250?
True
Is 378 a factor of 941598?
True
Does 12 divide 2598540?
True
Is 6 a factor of 1507236?
True
Is 156263 a multiple of 23?
False
Is 8 a factor of 6799525?
False
Does 55 divide 221504?
False
Is 181 a factor of 381788?
False
Is 12 a factor of 283560?
True
Is 204 a factor of 209551?
False
Does 141 divide 46461?
False
Is 115050 a multiple of 411?
False
Is 5 a factor of 24753?
False
Does 40 divide 435280?
True
Does 21 divide 1557327?
False
Is 575315 a multiple of 13?
True
Is 2223 a multiple of 9?
True
Is 251952 a multiple of 87?
True
Does 7 divide 19845?
True
Is 107 a factor of 409602?
False
Is 201 a factor of 823590?
False
Is 786549 a multiple of 10?
False
Does 7 divide 91707?
True
Does 435 divide 6609390?
True
Is 481832 a multiple of 125?
False
Does 115 divide 322063?
False
Is 78 a factor of 662064?
True
Does 337 divide 1037286?
True
Does 19 divide 7778?
False
Is 2074113 a multiple of 18?
False
Is 9873807 a multiple of 717?
True
Does 38 divide 3406966?
True
Is 19930742 a multiple of 668?
False
Is 13 a factor of 2945295?
False
Does 75 divide 79875?
True
Is 36 a factor of 83380?
False
Is 255400 a multiple of 40?
True
Does 139 divide 5887206?
True
Does 4 divide 2751743?
False
Is 334873 a multiple of 78?
False
Does 593 divide 2330024?
False
Does 23 divide 1725?
True
Is 5 a factor of 1009774?
False
Does 12 divide 3576540?
True
Is 1550747 a multiple of 12?
False
Is 51770 a multiple of 4?
False
Is 510498 a multiple of 479?
False
Is 36473 a multiple of 12?
False
Is 323476 a multiple of 34?
True
Is 8 a factor of 878035?
False
Is 13 a factor of 3941353?
True
Does 28 divide 36786?
False
Is 503052 a multiple of 132?
True
Does 693 divide 6072759?
True
Is 357 a factor of 56124?
False
Is 247 a factor of 37858?
False
Does 615 divide 191265?
True
Is 636455 a multiple of 33?
False
Is 192 a factor of 100075?
False
Is 3978302 a multiple of 18?
False
Is 160 a factor of 25600?
True
Does 52 divide 226497?
False
Is 3987345 a multiple of 52?
False
Does 12 divide 160584?
True
Is 180665 a multiple of 97?
False
Is 8 a factor of 1035382?
False
Does 22 divide 1476591?
False
Does 5 divide 95099?
False
Does 12 divide 15180?
True
Is 3 a factor of 1149031?
False
Is 286550 a multiple of 25?
True
Is 40 a factor of 2286898?
False
Is 425 a factor of 3790575?
True
Is 139167 a multiple of 8?
False
Does 86 divide 3039188?
False
Does 37 divide 287231?
True
Is 96 a factor of 143014?
False
Does 50 divide 1166569?
False
Is 9 a factor of 827676?
True
Is 1387706 a multiple of 6?
False
Does 129 divide 129343?
False
Is 2510447 a multiple of 16?
False
Is 19 a factor of 135934?
False
Is 5332939 a multiple of 24?
False
Is 434351 a multiple of 103?
True
Is 30505 a multiple of 22?
False
Does 24 divide 260472?
True
Is 723720 a multiple of 444?
True
Is 388964 a multiple of 89?
False
Is 2 a factor of 138753?
False
Is 36 a factor of 3101345?
False
Does 311 divide 2302022?
True
Is 270 a factor of 382965?
False
Is 25285 a multiple of 4?
False
Is 156 a factor of 187512?
True
Is 11 a factor of 8741548?
False
Does 5 divide 82145?
True
Does 19 divide 56471?
False
Does 36 divide 1097100?
True
Is 794898 a multiple of 18?
True
Is 481968 a multiple of 18?
True
Is 349 a factor of 8959877?
True
Is 955077 a multiple of 307?
True
Does 9 divide 12689316?
True
Is 80 a factor of 1897360?
True
Is 3546084 a multiple of 151?
True
Does 79 divide 102541?
False
Is 86283 a multiple of 6?
False
Is 980 a factor of 3304560?
True
Does 18 divide 36696?
False
Is 28 a factor of 6284796?
True
Is 1014357 a multiple of 6?
False
Is 956810 a multiple of 91?
False
Is 443 a factor of 149734?
True
Is 26 a factor of 1252175?
False
Is 162454 a multiple of 2?
True
Is 3 a factor of 37587?
True
Does 700 divide 656117?
False
Does 122 divide 1068812?
False
Is 44 a factor of 112857?
False
Does 7 divide 89586?
True
Does 513 divide 1633392?
True
Is 20349 a multiple of 19?
True
Is 381 a factor of 18